What is the hundreds digit of 1874210?
2
What is the tens digit of 25232165?
6
What is the ten thousands digit of 3740787?
4
What is the ten thousands digit of 2096908?
9
What is the millions digit of 24602878?
4
What is the ten thousands digit of 390919?
9
What is the millions digit of 3015746?
3
What is the thousands digit of 139013?
9
What is the ten thousands digit of 88964?
8
What is the units digit of 23167344?
4
What is the tens digit of 123428?
2
What is the ten thousands digit of 131691?
3
What is the hundred thousands digit of 365798?
3
What is the hundreds digit of 705127?
1
What is the thousands digit of 302805?
2
What is the thousands digit of 16562554?
2
What is the hundreds digit of 1333642?
6
What is the millions digit of 5894121?
5
What is the ten thousands digit of 701308?
0
What is the hundreds digit of 24731?
7
What is the ten thousands digit of 110124?
1
What is the ten thousands digit of 6897151?
9
What is the hundreds digit of 295930?
9
What is the hundreds digit of 739937?
9
What is the hundred thousands digit of 5554672?
5
What is the hundred thousands digit of 5992717?
9
What is the thousands digit of 29987?
9
What is the hundred thousands digit of 554000?
5
What is the thousands digit of 410528?
0
What is the ten thousands digit of 87309?
8
What is the hundreds digit of 919670?
6
What is the ten thousands digit of 112432?
1
What is the thousands digit of 455943?
5
What is the hundred thousands digit of 112137?
1
What is the hundred thousands digit of 5187458?
1
What is the tens digit of 9190973?
7
What is the hundreds digit of 495827?
8
What is the hundreds digit of 148652?
6
What is the hundreds digit of 1094854?
8
What is the hundred thousands digit of 121165?
1
What is the hundreds digit of 13812784?
7
What is the thousands digit of 76681?
6
What is the tens digit of 544368?
6
What is the hundreds digit of 1388378?
3
What is the ten thousands digit of 934778?
3
What is the hundred thousands digit of 2742120?
7
What is the hundred thousands digit of 7196923?
1
What is the units digit of 2406684?
4
What is the ten thousands digit of 2163148?
6
What is the hundreds digit of 2626481?
4
What is the millions digit of 25513006?
5
What is the ten thousands digit of 213230?
1
What is the units digit of 36111?
1
What is the units digit of 237198?
8
What is the tens digit of 21031468?
6
What is the hundred thousands digit of 428021?
4
What is the hundred thousands digit of 206702?
2
What is the hundred thousands digit of 29461569?
4
What is the ten thousands digit of 24072969?
7
What is the units digit of 5011?
1
What is the millions digit of 2573812?
2
What is the ten thousands digit of 973055?
7
What is the thousands digit of 4185947?
5
What is the thousands digit of 2251717?
1
What is the units digit of 8308965?
5
What is the thousands digit of 11012650?
2
What is the units digit of 41486?
6
What is the thousands digit of 858107?
8
What is the tens digit of 5386069?
6
What is the tens digit of 325014?
1
What is the tens digit of 120152?
5
What is the tens digit of 278457?
5
What is the units digit of 240935?
5
What is the thousands digit of 77445?
7
What is the hundred thousands digit of 6766577?
7
What is the millions digit of 3725072?
3
What is the tens digit of 1459879?
7
What is the thousands digit of 409952?
9
What is the ten millions digit of 10842419?
1
What is the tens digit of 17139812?
1
What is the ten thousands digit of 906068?
0
What is the thousands digit of 262488?
2
What is the thousands digit of 9922002?
2
What is the millions digit of 11515500?
1
What is the ten thousands digit of 280570?
8
What is the thousands digit of 8752?
8
What is the tens digit of 295964?
6
What is the tens digit of 841615?
1
What is the thousands digit of 943855?
3
What is the thousands digit of 3447405?
7
What is the tens digit of 263401?
0
What is the ten thousands digit of 1062200?
6
What is the tens digit of 224908?
0
What is the tens digit of 170652?
5
What is the tens digit of 95024?
2
What is the hundreds digit of 4831937?
9
What is the hundred thousands digit of 8382718?
3
What is the ten thousands digit of 13447243?
4
What is the hundred thousands digit of 214042?
2
What is the tens digit of 2323611?
1
What is the hundreds digit of 1470996?
9
What is the units digit of 463695?
5
What is the hundreds digit of 2332531?
5
What is the tens digit of 19393968?
6
What is the hundreds digit of 10531442?
4
What is the ten thousands digit of 1150105?
5
What is the hundreds digit of 216064?
0
What is the tens digit of 307362?
6
What is the hundred thousands digit of 577011?
5
What is the hundreds digit of 394200?
2
What is the thousands digit of 6939320?
9
What is the hundred thousands digit of 36962810?
9
What is the hundred thousands digit of 1730131?
7
What is the thousands digit of 950702?
0
What is the units digit of 7915688?
8
What is the ten thousands digit of 5906527?
0
What is the units digit of 228271?
1
What is the hundreds digit of 5923524?
5
What is the thousands digit of 1008143?
8
What is the units digit of 18831236?
6
What is the tens digit of 4827736?
3
What is the thousands digit of 479929?
9
What is the units digit of 147568?
8
What is the ten thousands digit of 96864?
9
What is the hundreds digit of 7522275?
2
What is the hundreds digit of 10142172?
1
What is the units digit of 242271?
1
What is the hundreds digit of 761328?
3
What is the ten thousands digit of 24201015?
0
What is the units digit of 399955?
5
What is the tens digit of 1408054?
5
What is the ten millions digit of 12374605?
1
What is the ten thousands digit of 2333906?
3
What is the hundreds digit of 4363100?
1
What is the thousands digit of 1080579?
0
What is the hundreds digit of 802673?
6
What is the hundred thousands digit of 1555078?
5
What is the ten thousands digit of 18079234?
7
What is the tens digit of 191735?
3
What is the millions digit of 4764383?
4
What is the tens digit of 9327901?
0
What is the hundred thousands digit of 205757?
2
What is the units digit of 1403826?
6
What is the hundred thousands digit of 10907410?
9
What is the ten thousands digit of 3213439?
1
What is the ten thousands digit of 45968?
4
What is the tens digit of 12277762?
6
What is the ten thousands digit of 1253967?
5
What is the millions digit of 1275675?
1
What is the hundred thousands digit of 2383042?
3
What is the millions digit of 4484609?
4
What is the ten thousands digit of 5574390?
7
What is the ten thousands digit of 15460?
1
What is the hundreds digit of 15495005?
0
What is the thousands digit of 3179272?
9
What is the tens digit of 1412979?
7
What is the hundreds digit of 2224714?
7
What is the ten thousands digit of 1250404?
5
What is the units digit of 9626320?
0
What is the units digit of 449652?
2
What is the units digit of 1360071?
1
What is the hundreds digit of 50854?
8
What is the tens digit of 23313577?
7
What is the tens digit of 4742992?
9
What is the ten thousands digit of 20960773?
6
What is the units digit of 328857?
7
What is the tens digit of 126474?
7
What is the tens digit of 134179?
7
What is the ten thousands digit of 1261218?
6
What is the tens digit of 9029379?
7
What is the hundred thousands digit of 2556119?
5
What is the units digit of 12832238?
8
What is the units digit of 24879056?
6
What is the hundred thousands digit of 2149291?
1
What is the thousands digit of 165820?
5
What is the millions digit of 5388915?
5
What is the thousands digit of 1944854?
4
What is the tens digit of 218791?
9
What is the units digit of 1674054?
4
What is the tens digit of 222634?
3
What is the ten thousands digit of 2227595?
2
What is the tens digit of 851905?
0
What is the millions digit of 22679391?
2
What is the units digit of 15264010?
0
What is the ten thousands digit of 475899?
7
What is the hundred thousands digit of 5077560?
0
What is the thousands digit of 2122113?
2
What is the ten thousands digit of 4445393?
4
What is the hundreds digit of 16015?
0
What is the tens digit of 11059725?
2
What is the ten millions digit of 10157915?
1
What is the hundred thousands digit of 943626?
9
What is the tens digit of 222635?
3
What is the tens digit of 3376138?
3
What is the ten thousands digit of 434358?
3
What is the thousands digit of 7